2203558547?
2
What is the units digit of 217723571?
1
What is the ten thousands digit of 895756308?
5
What is the ten thousands digit of 4708252?
0
What is the hundreds digit of 1086785836?
8
What is the units digit of 215533481?
1
What is the tens digit of 849396791?
9
What is the millions digit of 802605607?
2
What is the hundred thousands digit of 5355537400?
5
What is the ten millions digit of 32140628?
3
What is the hundreds digit of 1443298031?
0
What is the hundreds digit of 56560385?
3
What is the ten millions digit of 34778395?
3
What is the hundreds digit of 2513891103?
1
What is the hundred thousands digit of 486655740?
6
What is the hundreds digit of 40276594?
5
What is the ten millions digit of 45095197?
4
What is the ten millions digit of 2642227594?
4
What is the tens digit of 183084658?
5
What is the thousands digit of 433521021?
1
What is the tens digit of 241187470?
7
What is the thousands digit of 195547773?
7
What is the hundred thousands digit of 1574522838?
5
What is the hundred millions digit of 227111682?
2
What is the units digit of 14844069?
9
What is the hundreds digit of 407383874?
8
What is the hundred millions digit of 341462012?
3
What is the thousands digit of 681246632?
6
What is the millions digit of 6407488997?
7
What is the tens digit of 86639887?
8
What is the hundred thousands digit of 7502816350?
8
What is the ten millions digit of 122735748?
2
What is the units digit of 27435452?
2
What is the hundred thousands digit of 1194773422?
7
What is the hundred thousands digit of 6134423944?
4
What is the ten millions digit of 73680323?
7
What is the hundreds digit of 347490019?
0
What is the units digit of 775908212?
2
What is the hundreds digit of 981257811?
8
What is the ten thousands digit of 23023537?
2
What is the millions digit of 379349553?
9
What is the ten thousands digit of 54710699?
1
What is the units digit of 1671426170?
0
What is the thousands digit of 195931985?
1
What is the hundred thousands digit of 3051629438?
6
What is the ten thousands digit of 210614464?
1
What is the hundreds digit of 234646041?
0
What is the tens digit of 2246913613?
1
What is the thousands digit of 275731040?
1
What is the hundred thousands digit of 72827287?
8
What is the units digit of 242766806?
6
What is the ten millions digit of 54780423?
5
What is the ten thousands digit of 480444292?
4
What is the hundred thousands digit of 6756183310?
1
What is the hundreds digit of 81549480?
4
What is the units digit of 44818574?
4
What is the ten millions digit of 3355584339?
5
What is the hundred millions digit of 1208578648?
2
What is the units digit of 265586253?
3
What is the billions digit of 2048411720?
2
What is the units digit of 5215150584?
4
What is the hundred thousands digit of 575807404?
8
What is the hundreds digit of 5359207639?
6
What is the ten thousands digit of 43611075?
1
What is the ten millions digit of 50207944?
5
What is the ten millions digit of 99528187?
9
What is the millions digit of 8491310608?
1
What is the hundreds digit of 2116877953?
9
What is the ten thousands digit of 7339710343?
1
What is the hundreds digit of 683677453?
4
What is the hundreds digit of 1894672529?
5
What is the thousands digit of 65009652?
9
What is the ten millions digit of 1075179903?
7
What is the millions digit of 79781647?
9
What is the hundred millions digit of 104874927?
1
What is the units digit of 1230174457?
7
What is the hundreds digit of 64053521?
5
What is the ten millions digit of 12426481?
1
What is the hundreds digit of 747631295?
2
What is the hundreds digit of 3186035?
0
What is the ten millions digit of 720022477?
2
What is the ten thousands digit of 29578044?
7
What is the millions digit of 41797061?
1
What is the tens digit of 3055498672?
7
What is the hundred thousands digit of 1092821689?
8
What is the millions digit of 1032799781?
2
What is the tens digit of 278596613?
1
What is the hundreds digit of 20416837?
8
What is the units digit of 2985085079?
9
What is the units digit of 48160290?
0
What is the millions digit of 233084010?
3
What is the ten millions digit of 153929690?
5
What is the hundred thousands digit of 455771822?
7
What is the billions digit of 2067537759?
2
What is the hundreds digit of 141757116?
1
What is the ten thousands digit of 7956332?
5
What is the hundreds digit of 321739781?
7
What is the ten thousands digit of 228821073?
2
What is the hundred millions digit of 226047011?
2
What is the hundreds digit of 87626207?
2
What is the millions digit of 163987679?
3
What is the units digit of 166889299?
9
What is the millions digit of 1407175502?
7
What is the hundreds digit of 1694198430?
4
What is the hundred thousands digit of 1312379668?
3
What is the tens digit of 74979308?
0
What is the tens digit of 340094722?
2
What is the hundreds digit of 234489264?
2
What is the ten thousands digit of 227684659?
8
What is the units digit of 1325694592?
2
What is the ten thousands digit of 4185165570?
6
What is the millions digit of 129864491?
9
What is the thousands digit of 256865632?
5
What is the hundred thousands digit of 18698334?
6
What is the thousands digit of 1364453930?
3
What is the hundred thousands digit of 123415266?
4
What is the hundred millions digit of 209097808?
2
What is the units digit of 41938709?
9
What is the ten thousands digit of 2402312893?
1
What is the units digit of 42408477?
7
What is the hundred millions digit of 1444324833?
4
What is the hundreds digit of 2152283305?
3
What is the units digit of 61772947?
7
What is the hundred millions digit of 5819628473?
8
What is the tens digit of 203190429?
2
What is the millions digit of 1204398737?
4
What is the ten millions digit of 4870924976?
7
What is the thousands digit of 581136155?
6
What is the hundreds digit of 231401858?
8
What is the hundred millions digit of 123710785?
1
What is the units digit of 205154445?
5
What is the tens digit of 3226803?
0
What is the hundred millions digit of 416510951?
4
What is the millions digit of 794976572?
4
What is the thousands digit of 142775328?
5
What is the ten thousands digit of 1478549673?
4
What is the hundred thousands digit of 378074021?
0
What is the tens digit of 161371457?
5
What is the ten thousands digit of 969267668?
6
What is the units digit of 9464643316?
6
What is the billions digit of 1204721331?
1
What is the hundreds digit of 6860828?
8
What is the hundreds digit of 73838623?
6
What is the hundreds digit of 6328470?
4
What is the hundred millions digit of 1163006061?
1
What is the millions digit of 472347552?
2
What is the billions digit of 3259719251?
3
What is the millions digit of 3693935?
3
What is the hundreds digit of 195084340?
3
What is the hundreds digit of 771527936?
9
What is the hundred thousands digit of 3384021?
3
What is the millions digit of 2155352883?
5
What is the thousands digit of 152969732?
9
What is the thousands digit of 25029686?
9
What is the ten thousands digit of 183039148?
3
What is the units digit of 122146017?
7
What is the ten millions digit of 931516378?
3
What is the hundred millions digit of 498150523?
4
What is the hundreds digit of 14941611?
6
What is the thousands digit of 1319764937?
4
What is the hundreds digit of 1611994488?
4
What is the units digit of 316313563?
3
What is the millions digit of 218146736?
8
What is the units digit of 295929235?
5
What is the hundred thousands digit of 588165732?
1
What is the hundred thousands digit of 5585924769?
9
What is the units digit of 318398691?
1
What is the ten thousands digit of 310531722?
3
What is the thousands digit of 5619315932?
5
What is the hundred millions digit of 9285385546?
2
What is the millions digit of 988610983?
8
What is the hundred millions digit of 4000160367?
0
What is the hundreds digit of 131021877?
8
What is the tens digit of 22914813?
1
What is the billions digit of 3416395031?
3
What is the tens digit of 308490942?
4
What is the millions digit of 88386931?
8
What is the thousands digit of 348249364?
9
What is the hundreds digit of 55951413?
4
What is the hundred thousands digit of 95553021?
5
What is the hundred millions digit of 125257544?
1
What is the ten thousands digit of 429125180?
2
What is the millions digit of 100537435?
0
What is 